 j be (-2)/((-6)/39) + -3. Let u be ((-16)/j)/((-8)/20). Let q = u - -4. Calculate the greatest common factor of 16 and q.
8
Suppose j + 3 = 5. Suppose -j = k - 4. Let u be 1/(k/10*1). Calculate the highest common divisor of u and 15.
5
Let d(n) = 5*n**2 + n - 6. Let m be d(3). Calculate the greatest common divisor of m and 14.
14
Let v be 1/2*2 + 1. Calculate the highest common factor of 14 and v.
2
Let x be ((-4)/(-8))/((-2)/(-72)). Suppose 4*l + 4*h + x = 2*l, l - 5*h = -30. Let u = l - -42. Calculate the highest common factor of 18 and u.
9
Let q be 2/(-2*3/(-12)). Suppose q*i + i = 225. Let s(r) = 3*r - 6. Let t be s(7). Calculate the greatest common divisor of t and i.
15
Suppose -8*q + 13 = -27. What is the highest common factor of 2 and q?
1
Suppose -4*g + 65 = 17. Calculate the greatest common divisor of g and 4.
4
Suppose -9*t - 9*t + 3330 = 0. Calculate the highest common divisor of 74 and t.
37
Let z(f) = 4*f**2 - 13*f + 47. Let g be z(14). What is the greatest common divisor of g and 59?
59
Let s be (-4 - 28/(-10))/((-6)/20). What is the greatest common divisor of 36 and s?
4
Let p = -124 + 244. Suppose 5*o = -0*o + p. Let b = -12 + o. What is the greatest common factor of b and 12?
12
Let p(h) = 10*h**3 + 2*h + 1. Let j be p(-1). Let v be (-2)/j + (-10)/55. Suppose -i + 3 = -v. What is the highest common divisor of 1 and i?
1
Let i be (-4)/4*-1 + 3. Let b = i - -3. Calculate the greatest common factor of b and 28.
7
Let i = 20 + -8. Let b = 22 - i. What is the greatest common divisor of b and 4?
2
Let u(j) = -5*j + 4*j + 2*j**3 - 2 + 5*j - j**2. Let f be u(3). Calculate the greatest common factor of f and 22.
11
Let t = 20 + -19. Calculate the greatest common divisor of t and 5.
1
Suppose -2*v + 8 = m + m, 4*v - 2 = 3*m. Let o be 4*-33*(-1)/2. Suppose 7*j = 4*j + o. What is the highest common divisor of v and j?
2
Let s be -45 + (-2 - -2)/(-2). Let z be (-6)/(-9)*s/(-10). What is the greatest common factor of z and 3?
3
Suppose 5*a - 21 - 134 = -3*j, 5*j + 4*a = 280. Suppose -5*x + j = -0*x. Calculate the highest common divisor of x and 60.
12
Let p(i) = i**2 + 4*i + 2. Let f = -9 - -5. Let z be p(f). Calculate the highest common divisor of 2 and z.
2
Let c be 4 - 8/(292/(-72) - -4). Calculate the greatest common factor of c and 37.
37
Let q be 1/14*7 + 35/2. Suppose 0*d = d - 126. Calculate the highest common divisor of d and q.
18
Suppose -g = -k + 185, -k + 0*k - 5*g = -167. Suppose 4*h + 4*i - 280 = -0*h, -3*h + 4*i + k = 0. Let t = h - 38. What is the highest common factor of t and 70?
14
Let m = 12 + -3. Suppose -167 - 563 = -5*d. Suppose c + c = 2*n - d, n - 77 = 5*c. Calculate the greatest common divisor of n and m.
9
Let n be (-86)/(-10) - 6/(-15). What is the highest common divisor of 81 and n?
9
Let s(x) = x**2 + 3*x - 3. Let t be s(3). Let h = -9 + 14. Suppose 0*c = -h*c + 300. Calculate the highest common factor of c and t.
15
Suppose -2*p = 1 + 27. Let o be ((-2)/4)/(7/p). Calculate the greatest common factor of o and 4.
1
Let h be 6*(-5 + 8 - 2). What is the highest common divisor of 42 and h?
6
Suppose 0 = 3*i - 0*i + 3. Let v be (0 - -1) + (-5)/i. Suppose 4*q - v*q = -24. Calculate the highest common factor of q and 8.
4
Suppose 2*z = 5*z + 207. Let t be 33*(2 - (-3 - -2)). Let c = t + z. Calculate the greatest common factor of c and 6.
6
Let w(a) = -15*a + 1. Let j be 9/(-6) + (-3)/(-6). Let b be w(j). What is the highest common divisor of b and 32?
16
Suppose -471 = -4*i - 3*g, 86 = -2*i + 2*g + 318. Suppose 0 = 2*c - 37 + 7. Suppose 0 = n - c + 2. What is the highest common divisor of n and i?
13
Let n = -4 + 6. Suppose -4*q - 2*x = 314, -n*x + 172 = -2*q + 2*x. Let r be q/18*-6*3. Calculate the greatest common divisor of 10 and r.
10
Let s = 7 + -10. Let f = -10 - -18. Let v = s + f. Calculate the highest common factor of 10 and v.
5
Suppose -3 = -2*u + 7. Suppose -u = 5*d - 125. What is the greatest common divisor of 6 and d?
6
Let v be 16/104 + 115/13. Let k = 19 + -1. What is the greatest common divisor of k and v?
9
Let d(n) = -2*n**3 + n**2 + 2*n + 1. Let j be d(-1). Suppose 140 = j*m - 0*m. Calculate the highest common divisor of 14 and m.
14
Suppose 0 = 3*l + 6, -5*l + 7 = t + 21. Let u(n) = n**3 + 6*n**2 + 5*n + 6. Let z be u(t). Calculate the greatest common divisor of z and 54.
18
Let k(f) = -14*f**3 - 2*f**2 - f. Let x be k(-1). What is the greatest common factor of 13 and x?
13
Let s be 18/((0 - 1)/7). Let j be (-4)/14 - 3816/21. Let d = s - j. Calculate the greatest common factor of 14 and d.
14
Suppose -5*x = -8 - 22. Suppose -3*a + 2*a = -15. Calculate the highest common divisor of a and x.
3
Suppose 0*g + 58 = 2*g. Let o be 1830/9 + (-1)/3. What is the highest common divisor of g and o?
29
Suppose -70 = -3*r - 25. Let t = -15 - -30. Calculate the highest common factor of r and t.
15
Suppose 0*x + x = 5*z + 16, 0 = 3*x - 3*z - 36. Calculate the highest common factor of x and 11.
11
Suppose d - 234 = -80. Suppose -3*g + 84 = 3*f - 30, 2*g = -4*f + d. Calculate the greatest common divisor of f and 26.
13
Let b = 4 - -6. What is the greatest common factor of 10 and b?
10
Suppose 2*u = -p + 5, -5*u + 5*p - 25 = -0*p. Suppose u = -g - 8 - 7. Let i be (-2)/g*3*10. What is the highest common factor of 32 and i?
4
Let g be -8*(140/(-16))/5. Calculate the greatest common divisor of 7 and g.
7
Let l(t) = t**3 + 4*t**2 - 3*t - 3. Let x be l(2). Calculate the highest common factor of x and 105.
15
Let t = 6 - 3. Suppose t*i - 493 = 47. Calculate the highest common factor of i and 20.
20
Suppose 5*h + 3*l = 650, -3*h + 0*l - 5*l + 390 = 0. What is the highest common divisor of 13 and h?
13
Let f = 161 + -95. Calculate the highest common divisor of f and 22.
22
Let b be (2 - 5)/(-3) + -1. Suppose b = 3*v - 0*v. Suppose -2*y + v*y + 128 = 0. Calculate the greatest common factor of 8 and y.
8
Let p(s) = 8*s + 12. Let x be p(7). What is the highest common factor of x and 34?
34
Suppose 13 = 7*t + 6*t. What is the highest common factor of 2 and t?
1
Let c(b) = -b**2 - 2*b + 1. Let g be 3*(1/3 - 1). Let n be c(g). Let z(a) = 37*a**3 - 2*a + 1. Let d be z(n). What is the highest common factor of 4 and d?
4
Suppose -2*g + 14 = -0*g. What is the highest common divisor of g and 77?
7
Let b be (4 - (-36)/5)/((-4)/(-50)). What is the greatest common divisor of 56 and b?
28
Let z be 15/3 - (-1 - -3). Let p(x) = 3*x**2 + 2*x - 4. Let b be p(z). Let l = b + -1. What is the greatest common factor of 4 and l?
4
Let t(f) = f**3 + 12*f**2 + 14*f. Let x be t(-9). Suppose -2*l + 7*l = 65. What is the greatest common divisor of l and x?
13
Suppose -5*x - 5*s + 4*s + 25 = 0, 3*x - 15 = -3*s. Calculate the highest common divisor of 65 and x.
5
Suppose 3*z - 131 = 3*g + 163, 3*g - 201 = -2*z. Suppose 0 = k - 4*k + z. Calculate the greatest common divisor of 22 and k.
11
Suppose 4*i + x - 89 = 0, 4*x - 62 = -i - i. Calculate the highest common divisor of 3 and i.
3
Let v(n) = -6*n + 11. Let a be v(-4). What is the greatest common factor of a and 35?
35
Suppose n = -2*n + 210. Suppose 0 = -2*u - 6 + 16. Suppose u*q - 52 = f, 2*f + 56 = 5*q - f. Calculate the greatest common divisor of q and n.
10
Let b(l) = 12*l - 3. Let t be b(1). Calculate the highest common divisor of t and 81.
9
Let j(k) = 4*k - 43. Let l be j(13). What is the greatest common divisor of l and 153?
9
Suppose 21 = -5*g + 56. Let s = 12 - g. Let n = -40 - -50. Calculate the highest common divisor of s and n.
5
Let t(n) = -n. Let a be t(-2). Suppose 0 = -4*l + z + 29, a*l + 33 = 5*l + 3*z. Suppose -24 = -6*o + 3*o. What is the greatest common factor of l and o?
8
Let n = -3 + 5. Let l(w) = 8*w + 2. Let g be l(n). Calculate the greatest common factor of g and 45.
9
Let c(y) = y**2 - y - 6. Let n be c(6). Let h = -11 + 14. Calculate the highest common factor of h and n.
3
Let r = 18 + -13. Suppose b = -3*v - 2*b + 129, -231 = -r*v + 3*b. What is the highest common divisor of 9 and v?
9
Let a be 81/9 - (-1 + 1). What is the greatest common factor of 81 and a?
9
Let l(a) = 5*a - 5. Let w be l(17). What is the greatest common divisor of w and 24?
8
Let j be (-2)/(-14) - (-1761)/21. Calculate the highest common factor of j and 12.
12
Let n be -4*(0 + (-3)/(-6)). Let i